{"id":737,"date":"2011-10-31T17:31:54","date_gmt":"2011-10-31T17:31:54","guid":{"rendered":"http:\/\/doctorcastello.com\/?page_id=737"},"modified":"2011-11-03T20:31:29","modified_gmt":"2011-11-03T20:31:29","slug":"mastopexia","status":"publish","type":"page","link":"https:\/\/doctorcastello.com\/?page_id=737","title":{"rendered":"Mastopexia"},"content":{"rendered":"<div class=\"one\">\n<div class=\"one-fourth\">\n<ul class=\"simple-nav\">\n<li><a href=\"https:\/\/doctorcastello.com\/?page_id=733\">Aumento mamario<\/a><\/li>\n<li><a href=\"https:\/\/doctorcastello.com\/?page_id=735\">Reducci\u00f3n mamaria<\/a><\/li>\n<li><a href=\"https:\/\/doctorcastello.com\/?page_id=737\">Mastopexia<\/a><\/li>\n<li><a href=\"https:\/\/doctorcastello.com\/?page_id=739\">Mamas tuberosas<\/a><\/li>\n<li><a href=\"https:\/\/doctorcastello.com\/?page_id=741\">Asimetr\u00eda mamaria<\/a><\/li>\n<li><a href=\"https:\/\/doctorcastello.com\/?page_id=718\">Ginecomastia<\/a><\/li>\n<li><a href=\"https:\/\/doctorcastello.com\/?page_id=743\">Reconstrucci\u00f3n de mama<\/a><\/li>\n<li><a href=\"https:\/\/doctorcastello.com\/?page_id=745\">Reconstrucci\u00f3n con DIEP<\/a><\/li>\n<li><a href=\"https:\/\/doctorcastello.com\/?page_id=747\">Reconstrucci\u00f3n con dorsal ancho<\/a><\/li>\n<li><a href=\"https:\/\/doctorcastello.com\/?page_id=749\">Cirug\u00eda del linfedema<\/a><\/li>\n<li><a href=\"https:\/\/doctorcastello.com\/?page_id=758\">Areola y pez\u00f3n<\/a><\/li>\n<li><a href=\"https:\/\/doctorcastello.com\/?page_id=752\">Mastectom\u00eda profil\u00e1ctica<\/a><\/li>\n<li><a href=\"https:\/\/doctorcastello.com\/?page_id=754\">C\u00e1ncer de mama<\/a><\/li>\n<\/ul>\n<\/div>\n<div class=\"inner-content last\">\n<img loading=\"lazy\" decoding=\"async\" class=\"size-full wp-image-48 aligncenter\" title=\"our-services\" src=\"https:\/\/doctorcastello.com\/wp-content\/themes\/PortableStudio-WP\/images\/mama1.jpg\" alt=\"\" width=\"710\" height=\"250\" \/><br \/>\n<\/p>\n<h4>Mastopexia o elevaci\u00f3n de la mama<\/h4>\n<p>La mastopexia es un procedimiento quir\u00fargico para elevar y mejorar la forma de las mamas ca\u00eddas. Con los a\u00f1os, y tras circunstancias como el embarazo, dar de mamar y la fuerza de la gravedad hacen que la mama tienda a caer; adem\u00e1s, a medida que la piel pierde su elasticidad la mama pierde su forma y cae, fen\u00f3meno conocido como ptosis mamaria. Cuando la mama, adem\u00e1s de caer ha perdido o posee poco volumen, se puede tambi\u00e9n colocar una pr\u00f3tesis. La mastopexia puede reducir tambi\u00e9n el tama\u00f1o de la areola cuando sea muy grande.<\/p>\n<h5>\u00bfQui\u00e9n es el candidato ideal para someterse a una mastopexia?<\/h5>\n<p>Los candidatos ideales para someterse a una cirug\u00eda de mamas son aquellas personas sanas, emocionalmente estables que comprenden los resultados que se pueden obtener tras la cirug\u00eda. Muchas mujeres desean una mastopexia tras un embarazo o una lactancia que ha dejado vac\u00edo y ca\u00eddo el pecho. Aunque no existe riego de que la mastopexia alteren futuros embarazos, s\u00ed debe saber que las mamas pueden volver a descolgarse algo tras un nuevo embarazo.<\/p>\n<h5>Planificando la cirug\u00eda<\/h5>\n<p>Durante la primera consulta, el cirujano pl\u00e1stico evaluar\u00e1 el tama\u00f1o y la forma de las mamas, la firmeza de la piel y su estado general de salud Se realizar\u00e1 adem\u00e1s una exploraci\u00f3n de mamas y en algunos casos se solicitar\u00e1 un estudio mamogr\u00e1fico. Se le explicar\u00e1n las distintas t\u00e9cnicas quir\u00fargicas, se discutir\u00e1 el tama\u00f1o y la forma que tendr\u00e1n su mamas y las opciones o la combinaci\u00f3n de procedimientos que sean mejor para usted. Debe exponer sus expectativas de manera sincera y franca, para que el cirujano pl\u00e1stico sea tambi\u00e9n franco y le muestre las alternativas disponibles para su problema, con los riesgos y limitaciones de cada una de ellas. Tambi\u00e9n se le explicar\u00e1 cu\u00e1l es el tipo de anestesia que se emplear\u00e1, la necesidad o no de ingresar en la cl\u00ednica donde se realice la cirug\u00eda y los costes de la intervenci\u00f3n.<\/p>\n<p>La mastopexia con fines est\u00e9ticos no est\u00e1 incluida dentro del cat\u00e1logo de prestaciones de la Seguridad Social.<\/p>\n<p>No olvide contar si es fumadora o toma alguna medicaci\u00f3n o vitamina, el n\u00famero de embarazos previos y si piensa volver a quedarse embarazada o dar de mamar. No dude en preguntar cualquier cuesti\u00f3n que se plantee, especialmente aquellas relacionadas con sus expectativas sobre los resultados.<\/p>\n<h5>Prepar\u00e1ndose para la cirug\u00eda<\/h5>\n<p>Se le dar\u00e1n instrucciones acerca de c\u00f3mo prepararse para la cirug\u00eda, incluyendo normas sobre toma de alimentos y l\u00edquidos, tabaco o toma o supresi\u00f3n de medicamentos, vitaminas y suplementos de hierro. No es preciso transfundir sangre durante la cirug\u00eda. Aseg\u00farese, adem\u00e1s, de que alg\u00fan familiar o acompa\u00f1ante pueda llevarle a casa cuando se le d\u00e9 el alta y que, en caso necesario, puedan ayudarle un par de d\u00edas.<\/p>\n<h5>La cirug\u00eda y la anestesia<\/h5>\n<p>La mastopexia se realiza en un quir\u00f3fano, dentro de una cl\u00ednica u hospital. Suele ser preciso el ingreso, d\u00e1ndose el alta al d\u00eda siguiente.<\/p>\n<p>La cirug\u00eda est\u00e9tica de la mama se realiza bajo anestesia general, permaneciendo el paciente dormido durante la operaci\u00f3n. Algunos casos determinados de mastopexia se pueden realizar bajo anestesia local m\u00e1s sedaci\u00f3n.<\/p>\n<p>La mastopexia dura entre 1,5 y 3,5 horas. Las incisiones comprenden una \u00e1rea de la mama consistente en la parte de piel que se va a quitar y que colocar\u00e1 el pez\u00f3n y la areola en su nueva posici\u00f3n m\u00e1s elevada. Las suturas se colocan alrededor de la areola, en una l\u00ednea vertical hacia abajo desde la areola y a lo largo del surco de debajo de la mama. En determinados casos, cuando la mama es peque\u00f1a y est\u00e1 poco ca\u00edda la incisi\u00f3n se coloca s\u00f3lo alrededor de la areola. Puede ser necesario colocar una pr\u00f3tesis debajo del tejido mamario o del m\u00fasculo pectoral en mamas con poco volumen. Despu\u00e9s de la cirug\u00eda se coloca un vendaje o un sujetador especial.<br \/>\n<img decoding=\"async\" class=\"aligncenter\" src=\"http:\/\/www.doctorcastello.com\/wp-content\/themes\/PortableStudio-WP\/images\/reduccion1.jpg\" alt=\"\"\/><\/p>\n<h6>\n<p style=\"text-align: center;\">Mastopexia periareolar, para casos moderados.<\/p>\n<\/h6>\n<p><img decoding=\"async\" class=\"aligncenter\" src=\"http:\/\/www.doctorcastello.com\/wp-content\/themes\/PortableStudio-WP\/images\/reduccion3.jpg\" alt=\"\"\/><\/p>\n<h6>\n<p style=\"text-align: center;\">Mastopexia con cicatriz vertical, para casos intermedios.<\/p>\n<\/h6>\n<p><img decoding=\"async\" class=\"aligncenter\" src=\"http:\/\/www.doctorcastello.com\/wp-content\/themes\/PortableStudio-WP\/images\/reduccion2.jpg\" alt=\"\"\/><\/p>\n<h6>\n<p style=\"text-align: center;\">Mastopexia con cicatriz en &#8220;T&#8221; invertida.<\/p>\n<\/h6>\n<h5>Despu\u00e9s de la cirug\u00eda<\/h5>\n<p>Tras la cirug\u00eda de mamas es normal encontrarse algo cansada unos d\u00edas, pero podr\u00e1 hacer vida casi normal a las 24-48 horas. La mayor\u00eda de las molestias se controlan bien con la medicaci\u00f3n prescrita por su cirujano pl\u00e1stico, aunque las mamas pueden doler un par de semanas. El vendaje o los ap\u00f3sitos ser\u00e1n retirados en unos d\u00edas, siendo sustituidos por un sujetador especial, que deber\u00e1 llevar de la manera que le indique su cirujano. Es normal tener una sensaci\u00f3n de ardor en los pezones durante las dos primeras semanas.<\/p>\n<p>Tras la mastopexia puede ser normal tener una disminuci\u00f3n de sensaci\u00f3n en los pezones; esta situaci\u00f3n es generalmente temporal, excepto en algunas reducciones que puede ser definitiva. Los puntos se retiran entre los 7 y 14 d\u00edas; el edema no cede completamente hasta las 3 \u00f3 6 semanas.<\/p>\n<p>Tras la mastopexia podr\u00e1 volver al trabajo en pocos d\u00edas , dependiendo de la actividad que realice. Siga las instrucciones de su cirujano acerca de qu\u00e9 ejercicios puede realizar; se evitar\u00e1 levantar objetos por encima de la cabeza durante 2 a 3 semanas. Sus mamas estar\u00e1n m\u00e1s sensibles de lo normal durante 2 a 3 semanas, por lo que puede ser conveniente evitar un contacto f\u00edsico excesivo hasta las 3 \u00f3 4 semanas. Al principio las cicatrices estar\u00e1n rosadas, aspecto que mejorar\u00e1 continuamente desde las 6 semanas. Los controles mamogr\u00e1ficos apropiados para cada mujer seg\u00fan su edad pueden seguir realiz\u00e1ndose.<\/p>\n<h5>\u00bfExisten riesgos? \u00bfHay garant\u00edas?<\/h5>\n<p>La mastopexia es una t\u00e9cnica segura, siempre y cuando sea realizada por un cirujano pl\u00e1stico cualificado. Sin embargo, como en cualquier operaci\u00f3n siempre pueden existir complicaciones y riesgos asociados.<\/p>\n<p>La mastopexia deja cicatrices permanentes y visibles, aunque disimulables bajo el sujetador o el bikini. Los problemas de cicatrizaci\u00f3n son m\u00e1s frecuentes en fumadores. Algunos pacientes pueden experimentar una disminuci\u00f3n parcial, y en ocasiones, total de la sensibilidad del pez\u00f3n.<\/p>\n<h5>Los resultados<\/h5>\n<p>Es importante recordar que tras una mastopexia las cicatrices son importantes y permanentes, aunque su cirujano pl\u00e1stico har\u00e1 lo posible por que se noten lo menos posible. Con el tiempo, las cicatrices ir\u00e1n not\u00e1ndose menos. Los efectos de la mastopexia, aunque duraderos, no son permanentes, dependiendo de factores como nuevos embarazos, variaciones de peso y edad. Si se ha colocado una pr\u00f3tesis el efecto ser\u00e1 m\u00e1s duradero.<\/p>\n<p>Si sus expectativas son realistas usted estar\u00e1 muy satisfecha con el resultado de la mastopexia. Las cicatrices son definitivas, aunque su aspecto mejorar\u00e1 con el tiempo.<\/p>\n<h5>Resumen<\/h5>\n<p>Una intervenci\u00f3n similar a la de reducci\u00f3n mamaria, se lleva a cabo en aquellos casos en que la mama, sin ser excesivamente grande en volumen, ha sufrido una importante ca\u00edda. En estos casos la resecci\u00f3n de tejidos es m\u00ednima, ya que se aprovechan -a veces con la ayuda de una pr\u00f3tesis- para darle volumen y proyecci\u00f3n adecuada a la mama, una vez que esta se ha remodelado en su posici\u00f3n ideal. En general las cicatrices son similares a las de la reducci\u00f3n mamaria, pero m\u00e1s peque\u00f1as.<\/p>\n<div class=\"horizontal-line\"><\/div>\n<\/div>\n<div class=\"clearboth\"><\/div>\n<\/div>\n","protected":false},"excerpt":{"rendered":"","protected":false},"author":1,"featured_media":0,"parent":0,"menu_order":0,"comment_status":"closed","ping_status":"closed","template":"","meta":{"footnotes":""},"class_list":["post-737","page","type-page","status-publish","hentry"],"_links":{"self":[{"href":"https:\/\/doctorcastello.com\/index.php?rest_route=\/wp\/v2\/pages\/737","targetHints":{"allow":["GET"]}}],"collection":[{"href":"https:\/\/doctorcastello.com\/index.php?rest_route=\/wp\/v2\/pages"}],"about":[{"href":"https:\/\/doctorcastello.com\/index.php?rest_route=\/wp\/v2\/types\/page"}],"author":[{"embeddable":true,"href":"https:\/\/doctorcastello.com\/index.php?rest_route=\/wp\/v2\/users\/1"}],"replies":[{"embeddable":true,"href":"https:\/\/doctorcastello.com\/index.php?rest_route=%2Fwp%2Fv2%2Fcomments&post=737"}],"version-history":[{"count":5,"href":"https:\/\/doctorcastello.com\/index.php?rest_route=\/wp\/v2\/pages\/737\/revisions"}],"predecessor-version":[{"id":994,"href":"https:\/\/doctorcastello.com\/index.php?rest_route=\/wp\/v2\/pages\/737\/revisions\/994"}],"wp:attachment":[{"href":"https:\/\/doctorcastello.com\/index.php?rest_route=%2Fwp%2Fv2%2Fmedia&parent=737"}],"curies":[{"name":"wp","href":"https:\/\/api.w.org\/{rel}","templated":true}]}}