{"id":668,"date":"2011-10-30T20:16:06","date_gmt":"2011-10-30T20:16:06","guid":{"rendered":"http:\/\/doctorcastello.com\/?page_id=668"},"modified":"2011-11-03T19:56:33","modified_gmt":"2011-11-03T19:56:33","slug":"consentimientos","status":"publish","type":"page","link":"https:\/\/doctorcastello.com\/?page_id=668","title":{"rendered":"Consentimientos"},"content":{"rendered":"<div class=\"one\">\n<div class=\"one-fourth\">\n<ul class=\"simple-nav\">\n<li><a href=\"https:\/\/doctorcastello.com\/?page_id=650\">Paso a paso<\/a><\/li>\n<li><a href=\"https:\/\/doctorcastello.com\/?page_id=666\">Estudio Preoperatorio<\/a><\/li>\n<li><a href=\"https:\/\/doctorcastello.com\/?page_id=668\">Consentimientos<\/a><\/li>\n<li><a href=\"https:\/\/doctorcastello.com\/?page_id=670\">Instrucciones<\/a><\/li>\n<\/ul><\/div>\n<div class=\"inner-content last\">\n<img loading=\"lazy\" decoding=\"async\" class=\"size-full wp-image-48 aligncenter\" title=\"our-services\" src=\"https:\/\/doctorcastello.com\/wp-content\/themes\/PortableStudio-WP\/images\/pacientes3.jpg\" alt=\"\" width=\"710\" height=\"250\" \/><\/p>\n<p><\/br><\/p>\n<h5>Consentimiento Informado<\/h5>\n<p>El consentimiento informado es un documento por el cual se informa al paciente sobre la intervenci\u00f3n quir\u00fargica que se recomienda realizar, sus tratamientos alternativos, riesgos y complicaciones que pudieran aparecer. El paciente debe leerlo y firmarlo antes de la intervenci\u00f3n quir\u00fargica. Con su firma, el paciente acredita que est\u00e1 informado, que ha entendido y acepta la informaci\u00f3n facilitada. Cada intervenci\u00f3n de Cirug\u00eda Pl\u00e1stica requiere de un documento espec\u00edfico.<\/p>\n<p>En esta p\u00e1gina puede descargarse los consentimientos informados de las intervenciones m\u00e1s frecuentes en Cirug\u00eda Pl\u00e1stica, Reparadora y Est\u00e9tica. Para poder leer el texto en formato PDF necesitar\u00e1 instalar el programa gratu\u00edto <a href=\"http:\/\/get.adobe.com\/reader\/otherversions\/\">Adobe Acrobat Reader<\/a>, en caso de que no lo tenga instalado. Contacte con el Dr. Castell\u00f3 si no entiende alg\u00fan t\u00e9rmino del consentimiento y necesita ampliar la informaci\u00f3n.<\/p>\n<style type=\"text\/css\">\nli { \nlist-style-position: outside; \nlist-style-image: url(https:\/\/doctorcastello.com\/wp-content\/themes\/PortableStudio-WP\/images\/simple-nav-arrow.png); \n}\n<\/style>\n<ul>\n<li><a href=\"http:\/\/www.doctorcastello.com\/pdf\/ci_aumento_mamario.pdf\" target=\"_blank\">Consentimiento informado de aumento mamario<\/a>\n<li><a href=\"http:\/\/www.doctorcastello.com\/pdf\/ci_retirada_implantes.pdf\" target=\"_blank\">Consentimiento informado para retirada o recambio de implantes mamarios<\/a>\n<li><a href=\"http:\/\/www.doctorcastello.com\/pdf\/ci_mastopexia.pdf\" target=\"_blank\">Consentimiento informado de mastopexia o elevaci\u00f3n mamaria<\/a>\n<li><a href=\"http:\/\/www.doctorcastello.com\/pdf\/ci_reduccion_mama.pdf\" target=\"_blank\">Consentimiento informado de reducci\u00f3n de mama<\/a>\n<li><a href=\"http:\/\/www.doctorcastello.com\/pdf\/ci_ginecomastia.pdf\" target=\"_blank\">Consentimiento informado de ginecomastia<\/a>\n<li><a href=\"http:\/\/www.doctorcastello.com\/pdf\/ci_reconstruccion_mama.pdf\" target=\"_blank\">Consentimiento informado de reconstrucci\u00f3n de mama<\/a>\n<li><a href=\"http:\/\/www.doctorcastello.com\/pdf\/ci_tumorectomia_mama.pdf\" target=\"_blank\">Consentimiento informado de tumorectom\u00eda de mama<\/a>\n<li><a href=\"http:\/\/www.doctorcastello.com\/pdf\/ci_mastectomia.pdf\" target=\"_blank\">Consentimiento informado de mastectom\u00eda radical modificada<\/a>\n<li><a href=\"http:\/\/www.doctorcastello.com\/pdf\/ci_abdominoplastia.pdf\" target=\"_blank\">Consentimiento informado de abdominoplastia<\/a>\n<li><a href=\"http:\/\/www.doctorcastello.com\/pdf\/ci_liposuccion.pdf\" target=\"_blank\">Consentimiento informado de liposucci\u00f3n<\/a>\n<li><a href=\"http:\/\/www.doctorcastello.com\/pdf\/ci_lifting_muslos.pdf\" target=\"_blank\">Consentimiento informado de lifting de muslos<\/a>\n<li><a href=\"http:\/\/www.doctorcastello.com\/pdf\/ci_blefaroplastia.pdf\" target=\"_blank\">Consentimiento informado de blefaroplastia (Cirug\u00eda Est\u00e9tica de los p\u00e1rpados)<\/a>\n<li><a href=\"http:\/\/www.doctorcastello.com\/pdf\/ci_rinoplastia.pdf\" target=\"_blank\">Consentimiento informado de rinoplastia (Cirug\u00eda Est\u00e9tica de la nariz)<\/a>\n<li><a href=\"http:\/\/www.doctorcastello.com\/pdf\/ci_otoplastia.pdf\" target=\"_blank\">Consentimiento informado de otoplastia (Cirug\u00eda Est\u00e9tica de las orejas)<\/a>\n<li><a href=\"http:\/\/www.doctorcastello.com\/pdf\/ci_microtia.pdf\" target=\"_blank\">Consentimiento informado de microtia (reconstrucci\u00f3n completa del pabell\u00f3n auricular)<\/a>\n<li><a href=\"http:\/\/www.doctorcastello.com\/pdf\/ci_lifting.pdf\" target=\"_blank\">Consentimiento informado de ritidectom\u00eda cervicofacial (lifting)<\/a>\n<li><a href=\"http:\/\/www.doctorcastello.com\/pdf\/ci_anestesia_local.pdf\" target=\"_blank\">Consentimiento informado para procedimientos bajo anestesia local<\/a>\n<li><a href=\"http:\/\/www.doctorcastello.com\/pdf\/ci_tumor_cutaneo.pdf\" target=\"_blank\">Consentimiento informado para extirpaci\u00f3n de tumores cut\u00e1neos<\/a>\n<li><a href=\"http:\/\/www.doctorcastello.com\/pdf\/ci_microcirugia.pdf\" target=\"_blank\">Consentimiento informado para procedimientos reconstructivos microquir\u00fargicos<\/a>\n<li><a href=\"http:\/\/www.doctorcastello.com\/pdf\/ci_colgajos.pdf\" target=\"_blank\">Consentimiento informado de colgajos<\/a>\n<li><a href=\"http:\/\/www.doctorcastello.com\/pdf\/ci_nervios.pdf\" target=\"_blank\">Consentimiento informado para cirug\u00eda del nervio perif\u00e9rico<\/a>\n<li><a href=\"http:\/\/www.doctorcastello.com\/pdf\/ci_traqueotomia.pdf\">Consentimiento informado para traqueotom\u00eda<\/a>\n<li><a href=\"http:\/\/www.doctorcastello.com\/pdf\/ci_linfadenectomia_cervical.pdf\">Consentimiento informado para vaciamiento ganglionar cervical<\/a>\n<li><a href=\"http:\/\/www.doctorcastello.com\/pdf\/ci_parotidectomia.pdf\">Consentimiento informado para parotidectom\u00eda<\/a>\n<li><a href=\"http:\/\/www.doctorcastello.com\/pdf\/ci_tunel_carpo.pdf\" target=\"_blank\">Consentimiento informado para s\u00edndrome del tunel carpiano<\/a>\n<li><a href=\"http:\/\/www.doctorcastello.com\/pdf\/ci_tendones.pdf\" target=\"_blank\">Consentimiento informado para cirug\u00eda tendinosa<\/a>\n<li><a href=\"http:\/\/www.doctorcastello.com\/pdf\/ci_tenosinovitis.pdf\" target=\"_blank\">Consentimiento informado para cirug\u00eda de la tenosinovitis estenosante<\/a>\n<li><a href=\"http:\/\/www.doctorcastello.com\/pdf\/ci_ganglion.pdf\" target=\"_blank\">Consentimiento informado para cirug\u00eda del gangli\u00f3n<\/a>\n<li><a href=\"http:\/\/www.doctorcastello.com\/pdf\/ci_dquervain.pdf\" target=\"_blank\">Consentimiento informado para la tendinitis de D\u00b4Quervain<\/a>\n<li><a href=\"http:\/\/www.doctorcastello.com\/pdf\/ci_generico.pdf\">Consentimiento informado gen\u00e9rico<\/a>\n<li><a href=\"http:\/\/www.doctorcastello.com\/pdf\/ci_anestesista.pdf\">Consentimiento informado para anestesia general o sedaci\u00f3n<\/a>\n<\/ul>\n<div class=\"horizontal-line\"><\/div>\n<\/div>\n<div class=\"clearboth\"><\/div>\n<\/div>\n","protected":false},"excerpt":{"rendered":"","protected":false},"author":1,"featured_media":0,"parent":0,"menu_order":0,"comment_status":"closed","ping_status":"closed","template":"","meta":{"footnotes":""},"class_list":["post-668","page","type-page","status-publish","hentry"],"_links":{"self":[{"href":"https:\/\/doctorcastello.com\/index.php?rest_route=\/wp\/v2\/pages\/668","targetHints":{"allow":["GET"]}}],"collection":[{"href":"https:\/\/doctorcastello.com\/index.php?rest_route=\/wp\/v2\/pages"}],"about":[{"href":"https:\/\/doctorcastello.com\/index.php?rest_route=\/wp\/v2\/types\/page"}],"author":[{"embeddable":true,"href":"https:\/\/doctorcastello.com\/index.php?rest_route=\/wp\/v2\/users\/1"}],"replies":[{"embeddable":true,"href":"https:\/\/doctorcastello.com\/index.php?rest_route=%2Fwp%2Fv2%2Fcomments&post=668"}],"version-history":[{"count":12,"href":"https:\/\/doctorcastello.com\/index.php?rest_route=\/wp\/v2\/pages\/668\/revisions"}],"predecessor-version":[{"id":981,"href":"https:\/\/doctorcastello.com\/index.php?rest_route=\/wp\/v2\/pages\/668\/revisions\/981"}],"wp:attachment":[{"href":"https:\/\/doctorcastello.com\/index.php?rest_route=%2Fwp%2Fv2%2Fmedia&parent=668"}],"curies":[{"name":"wp","href":"https:\/\/api.w.org\/{rel}","templated":true}]}}